ose -5*i = -2*i - 69. Let v = i + 11. Calculate the remainder when v is divided by j.
10
Suppose x - 4*w = 49, -w = -0*x + 3*x - 121. Let r = -116 - -70. Let s = r - -57. Calculate the remainder when x is divided by s.
8
Let m be 418 + (0 - (-4 - -2)). Suppose 4*q = -q + m. Suppose -5*j + q = -j. Calculate the remainder when j is divided by 11.
10
Suppose -3*t + 329 = 2*d, -t - 2*d = 5 - 108. Calculate the remainder when t is divided by 13.
9
Suppose -68*h + 4137 = -2187. Let g(j) = 3*j**2 - 6*j. Calculate the remainder when h is divided by g(4).
21
Let x(u) be the second derivative of -u**4/12 - 5*u**3/2 - 4*u**2 - 3*u. What is the remainder when x(-13) is divided by 11?
7
Let c(k) = -k**2 + 15*k + 4. Let o be c(11). Let t = -31 + o. What is the remainder when 32 is divided by t?
15
Let y(r) = 19*r. Let l be (10/25)/((-1)/5). Let v(p) = -5*p. Let z(u) = l*y(u) - 9*v(u). Calculate the remainder when z(1) is divided by 5.
2
Suppose -4*w - 113 = -o, 5*o - 637 = -8*w + 4*w. Calculate the remainder when o is divided by 80*1/5*2.
29
Suppose j = -4*t + 265, -5*j + 4*j - 329 = -5*t. Calculate the remainder when t is divided by 22.
0
Let x be (-17)/68 - (-9)/4. What is the remainder when 2/3 - 228/(-9) is divided by 1 + (x - 1) - -11 - -1?
12
Suppose -19*q = -14*q - 180. Calculate the remainder when 106 is divided by q.
34
Suppose -19 = -2*o + 161. Suppose -o = -5*y - 0*y. Calculate the remainder when y is divided by -3*(-20)/(-15) + 9.
3
Let b = 29 + -12. Let s(a) = -29*a + 10. Let d be s(-10). What is the remainder when (d/(-9))/(4/(-6)) is divided by b?
16
Let z = -36 - -71. Suppose 2*k = x, -4*k - 2*x = 2*x. Suppose k = a - 187 + 49. Calculate the remainder when a is divided by z.
33
Suppose i = h - 40, -4*h - 12*i + 10*i + 178 = 0. What is the remainder when 2320 is divided by h?
41
Let p = 6 - 5. Let k be (24/(-10))/(p/(-5)). What is the remainder when 53 is divided by 1*k*(-9)/(-6)?
17
Suppose s + 86 = 63. Calculate the remainder when 51 is divided by s/(-138) + 226/12.
13
Suppose -29*b - 3168 = -41*b. What is the remainder when b is divided by 68?
60
Suppose 117*b - 94*b = 1955. What is the remainder when b is divided by 19?
9
Suppose 0 = -4*l + 3*l + 3. Suppose q - l*h - 63 = 0, 0*h - 2 = -h. What is the remainder when q is divided by 12?
9
Let q = -18 + 35. Suppose 0 = -3*l + 5*l - 4. Suppose 4*x + 2*v + l*v = 56, 0 = -2*x + 2*v + 12. Calculate the remainder when q is divided by x.
7
Let u = -20 + 25. Suppose 0 = -t + f + 7, -2*t = -0*t - u*f - 14. What is the remainder when 16 is divided by t?
2
Suppose 9*d - 667 - 566 = 0. Calculate the remainder when d is divided by 13.
7
Suppose 0 = -2*r + d + 4, -2*d + 7 = 3*r - 13. Let c(w) = w + 7. What is the remainder when 151/r - 22/(-88) is divided by c(6)?
12
Calculate the remainder when (0 - 2)*-2 - (-105 - 6) is divided by 9.
7
Let n = -8 - 7. Let m = n + 25. Suppose m*l = 4*l + 234. What is the remainder when l is divided by 21?
18
Let l = -222 + 272. What is the remainder when l is divided by 14?
8
Let c = -13 + 25. Let z = c - 4. Calculate the remainder when z is divided by 5.
3
Let c(q) = 12*q - 18 + 0*q + 12*q. What is the remainder when c(4) is divided by 20?
18
Let v be (4/16)/(-3 - 26/(-8)). Let q(t) be the third derivative of 5*t**4/6 - t**3/6 + t**2. Calculate the remainder when q(v) is divided by 10.
9
Suppose 11*k = 9*k + 6. Let u = 61 + -49. What is the remainder when u is divided by k?
0
Let d(h) = -h**3 - 5*h**2 + h - 3. Calculate the remainder when (-54)/(-126) - 739/(-7) is divided by d(-6).
25
Let r be (21/(-14))/(3/24). Let g be 2/(-6) + (-1192)/r. Suppose -4*v = -3*u + g, -v = 3*u - 4*v - 96. What is the remainder when u is divided by 16?
13
What is the remainder when 4995/54 + (-2)/(-4) is divided by 14?
9
Let s(q) = q**2 + q - 1. Let w(l) = -6*l**2 - 31*l + 17. Let m(x) = -3*s(x) - w(x). Calculate the remainder when 10 is divided by m(-10).
4
Calculate the remainder when 72*(-1*1 - -2) is divided by 75/(6 + -7)*5/(-15).
22
Let p(s) = s**2 - 4*s + 29. Calculate the remainder when p(9) is divided by 30.
14
Let s be (-14)/4 - (-4 - (-36)/8). What is the remainder when 38 is divided by (6 - 14)/((16/10)/s)?
18
Let h(g) be the third derivative of -g**6/120 - 3*g**5/20 + g**4/24 + 5*g**3/2 + 10*g**2. What is the remainder when 14 is divided by h(-9)?
2
Suppose -4*p + 5*g = 9, 2*p - 36 = 6*p + 4*g. Let l(k) = -4*k - 7. Suppose 6*r - 2*r = 128. Calculate the remainder when r is divided by l(p).
15
Let r = 9 - 6. Suppose -2*w = -2*d + 10, -4 + 19 = w + r*d. Suppose w = -3*z - 15, -2*k + z = 3*k - 75. What is the remainder when 39 is divided by k?
11
Let c(o) = -o**2 - 4*o + 87. Calculate the remainder when 12 is divided by c(-11).
2
Let y be 5/((-195)/(-189)) - (-2)/13. Let h = 14 - y. Calculate the remainder when ((-70)/4)/1*-2 is divided by h.
8
Suppose -5*v = -3*v - 4*u - 202, 466 = 5*v + 3*u. What is the remainder when 223 is divided by v?
33
Suppose 3*v - 9 = 5*f - 72, -49 = -4*f + v. Let i = f + 3. Calculate the remainder when 43 is divided by i/((2 + 1)/3).
13
Suppose -20 = -p + 19. Let v = 124 - 68. Suppose 61*t - 50 = v*t. Calculate the remainder when p is divided by t.
9
Let d(v) = 5*v - 4. What is the remainder when d(7) is divided by (1 + 6 - (-1 + -1)) + 2?
9
Let r = 59 - 37. Let t(y) = -2*y**2 + 11*y - 10. Calculate the remainder when r is divided by t(4).
0
Let r(y) = 24*y**2 + y - 2. Calculate the remainder when 176 is divided by r(2).
80
Let i = 30 + -9. What is the remainder when (i/(-6) + 3)*(-107 - 1) is divided by 38/3*3/2?
16
Let g(l) = l**2 + 27*l + 23. Calculate the remainder when 58 is divided by g(-27).
12
Let b(v) = 5*v**3 - 3*v**2 + 3*v + 2. Let y be b(3). Calculate the remainder when 67 is divided by (4 + 26/(-7))*y.
33
Suppose 0*p - 75 = 5*p. Let b be 100/(-6)*p/10. Suppose 50 + b = q. What is the remainder when q is divided by 19?
18
Let p be (8/(-10))/(5/25) + -2. Let v(w) = 2*w**2 + 2*w. Calculate the remainder when v(p) is divided by 9.
6
Suppose -7 = -c - 57. Let m = c + 20. Let l = -14 - m. What is the remainder when 45 is divided by l?
13
Suppose 0 = 4*y + d - 27, 3*d - 8 = -y - 15. What is the remainder when 148 is divided by y?
4
Let l(a) = -a**3 - a**2 + 6*a + 3. Let s = 666 + -561. Calculate the remainder when s is divided by l(-4).
24
Let h(j) = j**3 - 8*j**2 + 15*j - 6. Suppose 59 - 5 = 9*i. Calculate the remainder when 44 is divided by h(i).
8
Suppose 51 = 2*j - 3*f - 2*f, 4*j + f = 69. Let a = 15 + j. Calculate the remainder when 98 is divided by a.
32
What is the remainder when 322 is divided by ((-54)/(-4))/((-22)/(-4) - 5)?
25
Let p = -1419 + 1457. Suppose 4*u = -3*g + 336, 2*g + 19 = 5*u + 243. Calculate the remainder when g is divided by p.
36
Suppose -2*d + z - 83 = -5*d, -4*d = 3*z - 109. Let s(y) = -2*y**3 + 24*y**2 + 10*y - 15. What is the remainder when s(12) is divided by d?
21
Let u(z) = z + 43. Calculate the remainder when 228 is divided by u(-10).
30
Let o be (3 + -4)/((-1)/4). Suppose 630 = o*z + 90. Suppose -z = 3*m - 8*m. What is the remainder when 80 is divided by m?
26
Suppose 37 = 5*a + 7. Suppose -92 = -4*r + 4*h, a*r - 3*h - 91 = 2*r. Suppose r + 0 = 2*d. Calculate the remainder when d is divided by 4.
3
Let x be 1/(3/(-3) - 0). What is the remainder when (x - -4)/((-3)/(-4)) is divided by 3?
1
Let v be (-2 + 44/16)/((-2)/24). Calculate the remainder when 29 is divided by 3/(11 + v + 11/(-6)).
11
Let n be 1674/48 - 2/(-16). Let a = n + -10. What is the remainder when a is divided by 10?
5
Suppose 0 = 4*a + 12, 2*a = 3*x + 5*a - 3. What is the remainder when x is divided by (-6)/(-30) - 16/(-20)?
0
Let n be ((-9)/(-2))/((-9)/(-48)*4). Let a(q) = -3*q - 2 - 2*q**2 + 3*q**2 + 2*q. Calculate the remainder when a(n) is divided by 10.
8
Let q(i) = 15*i**2 + 3*i. Let j = 259 + -178. What is the remainder when j is divided by q(-1)?
9
Let i = -104 + 351. What is the remainder when i is divided by 83?
81
Let t(r) = -3*r**2 + r + 6. Let v(p) = 16*p**2 - 5*p - 28. Let b(q) = -11*t(q) - 2*v(q). Calculate the remainder when b(6) is divided by 12.
8
Suppose 2*r + 48 = 5*p, p - 36*r - 24 = -32*r. Let x = -29 - -49. What is the remainder when x is divided by p?
4
Let q(b) = -3*b - 10. Let g be q(-4). Let l = g + 0. Suppose -26